5915 is divided by 34?
33
What is the remainder when 124 is divided by 70?
54
Calculate the remainder when 267 is divided by 10.
7
What is the remainder when 13140 is divided by 13?
10
What is the remainder when 252 is divided by 2?
0
Calculate the remainder when 146 is divided by 36.
2
Calculate the remainder when 84 is divided by 17.
16
Calculate the remainder when 222 is divided by 81.
60
What is the remainder when 322 is divided by 166?
156
What is the remainder when 551 is divided by 86?
35
Calculate the remainder when 225 is divided by 33.
27
What is the remainder when 1423 is divided by 75?
73
What is the remainder when 58 is divided by 16?
10
What is the remainder when 1096 is divided by 44?
40
What is the remainder when 105 is divided by 6?
3
What is the remainder when 1239 is divided by 207?
204
What is the remainder when 711 is divided by 89?
88
What is the remainder when 4580 is divided by 29?
27
Calculate the remainder when 7987 is divided by 47.
44
What is the remainder when 229 is divided by 30?
19
Calculate the remainder when 466 is divided by 215.
36
What is the remainder when 449 is divided by 107?
21
What is the remainder when 505 is divided by 56?
1
Calculate the remainder when 24 is divided by 11.
2
What is the remainder when 804 is divided by 135?
129
Calculate the remainder when 847 is divided by 421.
5
What is the remainder when 545 is divided by 61?
57
What is the remainder when 261 is divided by 13?
1
Calculate the remainder when 9404 is divided by 19.
18
What is the remainder when 355 is divided by 92?
79
Calculate the remainder when 644 is divided by 43.
42
Calculate the remainder when 403 is divided by 38.
23
Calculate the remainder when 1396 is divided by 11.
10
What is the remainder when 1077 is divided by 135?
132
Calculate the remainder when 326 is divided by 22.
18
Calculate the remainder when 1015 is divided by 145.
0
Calculate the remainder when 7472 is divided by 55.
47
Calculate the remainder when 66 is divided by 5.
1
What is the remainder when 239 is divided by 10?
9
What is the remainder when 2524 is divided by 23?
17
What is the remainder when 717 is divided by 3?
0
What is the remainder when 217 is divided by 74?
69
What is the remainder when 3290 is divided by 57?
41
Calculate the remainder when 37 is divided by 13.
11
What is the remainder when 19498 is divided by 78?
76
What is the remainder when 70 is divided by 3?
1
What is the remainder when 292 is divided by 7?
5
Calculate the remainder when 2024 is divided by 38.
10
Calculate the remainder when 973 is divided by 185.
48
Calculate the remainder when 4881 is divided by 1624.
9
What is the remainder when 999 is divided by 8?
7
What is the remainder when 290 is divided by 4?
2
Calculate the remainder when 2199 is divided by 50.
49
Calculate the remainder when 440 is divided by 100.
40
What is the remainder when 2015 is divided by 112?
111
What is the remainder when 125 is divided by 21?
20
Calculate the remainder when 157 is divided by 15.
7
What is the remainder when 70 is divided by 21?
7
Calculate the remainder when 34 is divided by 21.
13
What is the remainder when 1163 is divided by 106?
103
What is the remainder when 383 is divided by 55?
53
What is the remainder when 9115 is divided by 160?
155
What is the remainder when 337 is divided by 78?
25
Calculate the remainder when 3153 is divided by 37.
8
Calculate the remainder when 16608 is divided by 151.
149
What is the remainder when 468 is divided by 103?
56
Calculate the remainder when 351 is divided by 8.
7
Calculate the remainder when 443 is divided by 6.
5
Calculate the remainder when 160 is divided by 13.
4
Calculate the remainder when 295 is divided by 45.
25
What is the remainder when 1394 is divided by 158?
130
Calculate the remainder when 312 is divided by 45.
42
What is the remainder when 38 is divided by 24?
14
Calculate the remainder when 465 is divided by 120.
105
Calculate the remainder when 495 is divided by 8.
7
Calculate the remainder when 150 is divided by 62.
26
What is the remainder when 673 is divided by 61?
2
What is the remainder when 134 is divided by 23?
19
Calculate the remainder when 2315 is divided by 38.
35
Calculate the remainder when 1482 is divided by 99.
96
Calculate the remainder when 39 is divided by 15.
9
What is the remainder when 505 is divided by 236?
33
What is the remainder when 327 is divided by 41?
40
Calculate the remainder when 134 is divided by 68.
66
What is the remainder when 487 is divided by 370?
117
Calculate the remainder when 798 is divided by 371.
56
What is the remainder when 1529 is divided by 30?
29
Calculate the remainder when 345 is divided by 87.
84
Calculate the remainder when 621 is divided by 48.
45
Calculate the remainder when 7 is divided by 6.
1
Calculate the remainder when 2483 is divided by 15.
8
Calculate the remainder when 465 is divided by 117.
114
Calculate the remainder when 215 is divided by 109.
106
What is the remainder when 100 is divided by 17?
15
Calculate the remainder when 393 is divided by 127.
12
What is the remainder when 80 is divided by 14?
10
What is the remainder when 431 is divided by 106?
7
Calculate the remainder when 612 is divided by 202.
6
What is the remainder when 306 is divided by 45?
36
What is the remainder when 134 is divided by 59?
16
What is the remainder when 124 is divided by 48?
28
What is the remainder when 4095 is divided by 7?
0
Calculate the remainder when 531 is divided by 38.
37
Calculate the remainder when 711 is divided by 47.
6
What is the remainder when 97 is divided by 17?
12
Calculate the remainder when 33 is divided by 33.
0
Calculate the remainder when 174 is divided by 20.
14
Calculate the remainder when 2180 is divided by 128.
4
Calculate the remainder when 5713 is divided by 45.
43
Calculate the remainder when 49 is divided by 28.
21
Calculate the remainder when 1398 is divided by 47.
35
Calculate the remainder when 398 is divided by 20.
18
What is the remainder when 23299 is divided by 25?
24
Calculate the remainder when 685 is divided by 23.
18
Calculate the remainder when 428 is divided by 70.
8
Calculate the remainder when 299 is divided by 122.
55
What is the remainder when 450 is divided by 58?
44
What is the remainder when 205 is divided by 44?
29
Calculate the remainder when 506 is divided by 16.
10
What is the remainder when 2181 is divided by 28?
25
Calculate the remainder when 1318 is divided by 117.
31
Calculate the remainder when 20169 is divided by 23.
21
Calculate the remainder when 1023 is divided by 9.
6
What is the remainder when 1278 is divided by 32?
30
What is the remainder when 239 is divided by 24?
23
What is the remainder when 408 is divided by 18?
12
What is the remainder when 1803 is divided by 448?
11
Calculate the remainder when 344 is divided by 171.
2
Calculate the remainder when 423 is divided by 25.
23
What is the remainder when 1143 is divided by 187?
21
Calculate the remainder when 221 is divided by 19.
12
What is the remainder when 6599 is divided by 26?
21
What is the remainder when 115 is divided by 43?
29
Calculate the remainder when 598 is divided by 53.
15
Calculate the remainder when 355 is divided by 29.
7
What is the remainder when 2307 is divided by 764?
15
Calculate the remainder when 2299 is divided by 13.
11
Calculate the remainder when 923 is divided by 46.
3
What is the remainder when 2904 is divided by 57?
54
Calculate the remainder when 1288 is divided by 131.
109
What is the remainder when 1225 is divided by 251?
221
Calculate the remainder when 254 is divided by 56.
30
What is the remainder when 36 is divided by 13?
10
Calculate the remainder when 667 is divided by 207.
46
Calculate the remainder when 266 is divided by 5.
1
Calculate the remainder when 3298 is divided by 12.
10
What is the remainder when 461 is divided by 193?
75
Calculate the remainder when 7088 is divided by 7.
4
Calculate the remainder when 162 is divided by 21.
15
Calculate the remainder when 93 is divided by 40.
13
Calculate the remainder when 1005 is divided by 12.
9
What is the remainder when 429 is divided by 95?
49
Calculate the remainder when 307 is divided by 81.
64
Calculate the remainder when 461 is divided by 140.
41
Calculate the rem